{"id":153,"date":"2014-05-01T23:42:18","date_gmt":"2014-05-01T21:42:18","guid":{"rendered":"https:\/\/sknhp.ujk.edu.pl\/?page_id=153"},"modified":"2014-05-01T23:42:18","modified_gmt":"2014-05-01T21:42:18","slug":"petycja-do-prezydenta-miasta","status":"publish","type":"page","link":"https:\/\/sknhp.ujk.edu.pl\/?page_id=153","title":{"rendered":"Petycja do Prezydenta Miasta"},"content":{"rendered":"<p style=\"text-align: right;\">Zach\u0119camy do poparcia naszej inicjatywy na uczelni!<br \/>\nPrezydent Miasta Kielce<br \/>\nWojciech Lubawski<\/p>\n<p style=\"text-align: center;\">PETYCJA<br \/>\nSzanowny Panie Prezydencie,<br \/>\nOstatnie lata zaznaczy\u0142y si\u0119 zauwa\u017calnym, dynamicznym rozwojem Kielc. Dzi\u0119ki \u015brodkom pochodz\u0105cym z funduszy Unii Europejskiej i sprawnemu zarz\u0105dzaniu, przed naszymi miastem otworzy\u0142y si\u0119 perspektywy rozwoju, kt\u00f3rych wcze\u015bniej nie mieli\u015bmy. Tworzone s\u0105 nowe rozwi\u0105zania komunikacyjne w postaci budowy dr\u00f3g, modernizacji autobus\u00f3w miejskich czy te\u017c stara\u0144 o regionalny port lotniczy. Stolica wojew\u00f3dztwa \u015bwi\u0119tokrzyskiego b\u0119dzie wkr\u00f3tce skrzy\u017cowaniem dw\u00f3ch dr\u00f3g ekspresowych. Miasto Kielce inwestuje w rozw\u00f3j kultury buduj\u0105c Mi\u0119dzynarodowe Centrum Kultur, modernizuj\u0105c amfiteatr. Kieleckie dru\u017cyny sportowe wyst\u0119puj\u0105 w najwy\u017cszych klasach rozgrywek w pi\u0142k\u0119 r\u0119czn\u0105, pi\u0142k\u0119 no\u017cn\u0105, siatk\u00f3wk\u0119 czy bilard. \u015ar\u00f3dmie\u015bcie Kielc dzi\u0119ki rewitalizacji powraca do swoich historycznych wygl\u0105d\u00f3w i staje si\u0119 miejscem odpoczynku jak i atrakcj\u0105 turystyczn\u0105. Na terenie naszego miasta jest wiele obszar\u00f3w rekreacyjnych, powstaje coraz wi\u0119cej \u015bcie\u017cek rowerowych. W Kielcach istnieje kilkana\u015bcie uczelni wy\u017cszych w tym dwie publiczne \u2013 Politechnika \u015awi\u0119tokrzyska i Uniwersytet Jana Kochanowskiego.<br \/>\nZ punktu widzenia mieszka\u0144ca miasta lub ucz\u0105cych si\u0119 tu student\u00f3w wida\u0107 dynamiczny rozw\u00f3j stolicy wojew\u00f3dztwa. Pojawia si\u0119 jednak problem z promocj\u0105 naszego wsp\u00f3lnego dobra poza region \u015bwi\u0119tokrzyski. M\u00f3wi si\u0119 o ukrytym potencjale miasta, kt\u00f3ry nie jest wykorzystany. Z Kielc ubywa ludzi m\u0142odych, kt\u00f3rzy po maturze wybieraj\u0105 uczelnie z Warszawy, Krakowa, Poznania, Lublina, Katowic czy nawet Rzeszowa. Nie spos\u00f3b dostrzec inicjatyw, kt\u00f3re by\u0142yby w stanie tych m\u0142odych, ciekawych \u015bwiata ludzi zatrzyma\u0107 w naszym mie\u015bcie. Kolejnym problemem jest fakt, \u017ce Kielczanie studiuj\u0105cy poza naszym regionem, rzadko do Kielc wracaj\u0105. Miastu nie udaje si\u0119 sprowadzi\u0107 zagranicznych inwestor\u00f3w, kt\u00f3rzy nap\u0119dziliby miejsk\u0105 gospodark\u0119 i spowodowaliby, aby Kielce by\u0142y bardziej konkurencyjne wobec innych miast wojew\u00f3dzkich w Polsce. Nasze miasto nie ma jednoznacznej, wypromowanej marki, rozpoznawalnej w ca\u0142ym kraju.<br \/>\nW zwi\u0105zku z wy\u017cej wymienionymi okoliczno\u015bciami, my \u2013 studenci Instytutu Nauk Politycznych Uniwersytetu Jana Kochanowskiego kierowani trosk\u0105 o przysz\u0142o\u015b\u0107 naszego miasta, wyra\u017camy przekonanie, \u017ce drog\u0105 do rozwi\u0105zania wielu z powy\u017cszych kwestii by\u0142oby utworzenie w Urz\u0119dzie Miasta Kielce wydzia\u0142u, b\u0105d\u017a referatu zajmuj\u0105cego si\u0119 promocj\u0105 i Public Relations Miasta. Kom\u00f3rka ta zajmowa\u0142aby si\u0119 tworzeniem kreatywnej strategii promocyjnej opartej na zasobach i walorach, kt\u00f3re Kielce niew\u0105tpliwie posiadaj\u0105, ale kt\u00f3re nie s\u0105 znane mieszka\u0144com innych region\u00f3w w kraju, ani zagranic\u0105.<br \/>\nTakie kom\u00f3rki dzia\u0142aj\u0105 w wi\u0119kszo\u015bci polskich miast. Dzi\u0119ki dobrym has\u0142om promocyjnym i wykorzystaniu medi\u00f3w, takim o\u015brodkom jak na przyk\u0142ad Rzesz\u00f3w, udaj\u0119 si\u0119 sprowadzi\u0107 m\u0142odych, kreatywnych ludzi.<br \/>\nPo zasi\u0119gni\u0119ciu wiedzy ekspert\u00f3w, w oparciu o w\u0142asne do\u015bwiadczenie oraz opinie nauczycieli akademickich, proponujemy by wydzia\u0142 lub referat promocji i Public Relations sk\u0142ada\u0142 si\u0119 z urz\u0119dnik\u00f3w miejskich i ekspert\u00f3w zewn\u0119trznych. Takie rozwi\u0105zanie gwarantuje pe\u0142ny profesjonalizm dzia\u0142ania. Przemy\u015blane przeznaczenie \u015brodk\u00f3w na promocj\u0119 miasta jest niezb\u0119dne dla jego rozwoju.<\/p>\n<p style=\"text-align: right;\">Szanowny Panie Prezydencie,<br \/>\nMaj\u0105c pe\u0142ne poparcie kadry naukowo-dydaktycznej Uniwersytetu Jana Kochanowskiego, wyra\u017camy ogromn\u0105 nadziej\u0119 na pozytywn\u0105 reakcj\u0119 Pana Prezydenta na nasze dezyderaty. Jednocze\u015bnie prosimy o spotkanie, aby ten temat szerzej przedyskutowa\u0107.<br \/>\nW za\u0142\u0105czniku przekazujemy podpisy student\u00f3w, nauczycieli i w\u0142adz instytutu.<\/p>\n<p style=\"text-align: right;\">Studenci Instytutu Nauk Politycznych<\/p>\n","protected":false},"excerpt":{"rendered":"<p>Zach\u0119camy do poparcia naszej inicjatywy na uczelni! Prezydent Miasta Kielce Wojciech Lubawski PETYCJA Szanowny Panie Prezydencie, Ostatnie lata zaznaczy\u0142y si\u0119 zauwa\u017calnym, dynamicznym rozwojem Kielc. Dzi\u0119ki \u015brodkom pochodz\u0105cym z funduszy Unii Europejskiej i sprawnemu zarz\u0105dzaniu, przed naszymi miastem otworzy\u0142y si\u0119 perspektywy rozwoju, kt\u00f3rych wcze\u015bniej nie mieli\u015bmy. Tworzone s\u0105 nowe rozwi\u0105zania komunikacyjne w postaci budowy dr\u00f3g, modernizacji [&hellip;]<\/p>\n","protected":false},"author":1,"featured_media":0,"parent":0,"menu_order":0,"comment_status":"open","ping_status":"open","template":"","meta":{"footnotes":""},"class_list":["post-153","page","type-page","status-publish","hentry"],"yoast_head":"<!-- This site is optimized with the Yoast SEO plugin v24.0 - https:\/\/yoast.com\/wordpress\/plugins\/seo\/ -->\n<title>Petycja do Prezydenta Miasta - SKN &quot;Homo Politicus&quot; UJK Kielce<\/title>\n<meta name=\"robots\" content=\"index, follow, max-snippet:-1, max-image-preview:large, max-video-preview:-1\" \/>\n<link rel=\"canonical\" href=\"https:\/\/sknhp.ujk.edu.pl\/?page_id=153\" \/>\n<meta property=\"og:locale\" content=\"pl_PL\" \/>\n<meta property=\"og:type\" content=\"article\" \/>\n<meta property=\"og:title\" content=\"Petycja do Prezydenta Miasta - SKN &quot;Homo Politicus&quot; UJK Kielce\" \/>\n<meta property=\"og:description\" content=\"Zach\u0119camy do poparcia naszej inicjatywy na uczelni! Prezydent Miasta Kielce Wojciech Lubawski PETYCJA Szanowny Panie Prezydencie, Ostatnie lata zaznaczy\u0142y si\u0119 zauwa\u017calnym, dynamicznym rozwojem Kielc. Dzi\u0119ki \u015brodkom pochodz\u0105cym z funduszy Unii Europejskiej i sprawnemu zarz\u0105dzaniu, przed naszymi miastem otworzy\u0142y si\u0119 perspektywy rozwoju, kt\u00f3rych wcze\u015bniej nie mieli\u015bmy. Tworzone s\u0105 nowe rozwi\u0105zania komunikacyjne w postaci budowy dr\u00f3g, modernizacji [&hellip;]\" \/>\n<meta property=\"og:url\" content=\"https:\/\/sknhp.ujk.edu.pl\/?page_id=153\" \/>\n<meta property=\"og:site_name\" content=\"SKN &quot;Homo Politicus&quot; UJK Kielce\" \/>\n<meta property=\"article:publisher\" content=\"http:\/\/facebook.com\/sknhp\" \/>\n<meta name=\"twitter:card\" content=\"summary_large_image\" \/>\n<meta name=\"twitter:site\" content=\"@sknhp\" \/>\n<meta name=\"twitter:label1\" content=\"Szacowany czas czytania\" \/>\n\t<meta name=\"twitter:data1\" content=\"3 minuty\" \/>\n<script type=\"application\/ld+json\" class=\"yoast-schema-graph\">{\"@context\":\"https:\/\/schema.org\",\"@graph\":[{\"@type\":\"WebPage\",\"@id\":\"https:\/\/sknhp.ujk.edu.pl\/?page_id=153\",\"url\":\"https:\/\/sknhp.ujk.edu.pl\/?page_id=153\",\"name\":\"Petycja do Prezydenta Miasta - SKN &quot;Homo Politicus&quot; UJK Kielce\",\"isPartOf\":{\"@id\":\"https:\/\/sknhp.ujk.edu.pl\/#website\"},\"datePublished\":\"2014-05-01T21:42:18+00:00\",\"dateModified\":\"2014-05-01T21:42:18+00:00\",\"breadcrumb\":{\"@id\":\"https:\/\/sknhp.ujk.edu.pl\/?page_id=153#breadcrumb\"},\"inLanguage\":\"pl-PL\",\"potentialAction\":[{\"@type\":\"ReadAction\",\"target\":[\"https:\/\/sknhp.ujk.edu.pl\/?page_id=153\"]}]},{\"@type\":\"BreadcrumbList\",\"@id\":\"https:\/\/sknhp.ujk.edu.pl\/?page_id=153#breadcrumb\",\"itemListElement\":[{\"@type\":\"ListItem\",\"position\":1,\"name\":\"Home\",\"item\":\"https:\/\/sknhp.ujk.edu.pl\/\"},{\"@type\":\"ListItem\",\"position\":2,\"name\":\"Petycja do Prezydenta Miasta\"}]},{\"@type\":\"WebSite\",\"@id\":\"https:\/\/sknhp.ujk.edu.pl\/#website\",\"url\":\"https:\/\/sknhp.ujk.edu.pl\/\",\"name\":\"SKN &quot;Homo Politicus&quot; UJK Kielce\",\"description\":\"Strona oficjalna. Studenckie Ko\u0142o Naukowe &quot;Homo Politicus&quot;. Uniwersytet Jana Kochanowskiego w Kielcach. Instytut Nauk Politycznych. Wydzia\u0142 Zarz\u0105dzania i Administracji.\",\"potentialAction\":[{\"@type\":\"SearchAction\",\"target\":{\"@type\":\"EntryPoint\",\"urlTemplate\":\"https:\/\/sknhp.ujk.edu.pl\/?s={search_term_string}\"},\"query-input\":{\"@type\":\"PropertyValueSpecification\",\"valueRequired\":true,\"valueName\":\"search_term_string\"}}],\"inLanguage\":\"pl-PL\"}]}<\/script>\n<!-- \/ Yoast SEO plugin. -->","yoast_head_json":{"title":"Petycja do Prezydenta Miasta - SKN &quot;Homo Politicus&quot; UJK Kielce","robots":{"index":"index","follow":"follow","max-snippet":"max-snippet:-1","max-image-preview":"max-image-preview:large","max-video-preview":"max-video-preview:-1"},"canonical":"https:\/\/sknhp.ujk.edu.pl\/?page_id=153","og_locale":"pl_PL","og_type":"article","og_title":"Petycja do Prezydenta Miasta - SKN &quot;Homo Politicus&quot; UJK Kielce","og_description":"Zach\u0119camy do poparcia naszej inicjatywy na uczelni! Prezydent Miasta Kielce Wojciech Lubawski PETYCJA Szanowny Panie Prezydencie, Ostatnie lata zaznaczy\u0142y si\u0119 zauwa\u017calnym, dynamicznym rozwojem Kielc. Dzi\u0119ki \u015brodkom pochodz\u0105cym z funduszy Unii Europejskiej i sprawnemu zarz\u0105dzaniu, przed naszymi miastem otworzy\u0142y si\u0119 perspektywy rozwoju, kt\u00f3rych wcze\u015bniej nie mieli\u015bmy. Tworzone s\u0105 nowe rozwi\u0105zania komunikacyjne w postaci budowy dr\u00f3g, modernizacji [&hellip;]","og_url":"https:\/\/sknhp.ujk.edu.pl\/?page_id=153","og_site_name":"SKN &quot;Homo Politicus&quot; UJK Kielce","article_publisher":"http:\/\/facebook.com\/sknhp","twitter_card":"summary_large_image","twitter_site":"@sknhp","twitter_misc":{"Szacowany czas czytania":"3 minuty"},"schema":{"@context":"https:\/\/schema.org","@graph":[{"@type":"WebPage","@id":"https:\/\/sknhp.ujk.edu.pl\/?page_id=153","url":"https:\/\/sknhp.ujk.edu.pl\/?page_id=153","name":"Petycja do Prezydenta Miasta - SKN &quot;Homo Politicus&quot; UJK Kielce","isPartOf":{"@id":"https:\/\/sknhp.ujk.edu.pl\/#website"},"datePublished":"2014-05-01T21:42:18+00:00","dateModified":"2014-05-01T21:42:18+00:00","breadcrumb":{"@id":"https:\/\/sknhp.ujk.edu.pl\/?page_id=153#breadcrumb"},"inLanguage":"pl-PL","potentialAction":[{"@type":"ReadAction","target":["https:\/\/sknhp.ujk.edu.pl\/?page_id=153"]}]},{"@type":"BreadcrumbList","@id":"https:\/\/sknhp.ujk.edu.pl\/?page_id=153#breadcrumb","itemListElement":[{"@type":"ListItem","position":1,"name":"Home","item":"https:\/\/sknhp.ujk.edu.pl\/"},{"@type":"ListItem","position":2,"name":"Petycja do Prezydenta Miasta"}]},{"@type":"WebSite","@id":"https:\/\/sknhp.ujk.edu.pl\/#website","url":"https:\/\/sknhp.ujk.edu.pl\/","name":"SKN &quot;Homo Politicus&quot; UJK Kielce","description":"Strona oficjalna. Studenckie Ko\u0142o Naukowe &quot;Homo Politicus&quot;. Uniwersytet Jana Kochanowskiego w Kielcach. Instytut Nauk Politycznych. Wydzia\u0142 Zarz\u0105dzania i Administracji.","potentialAction":[{"@type":"SearchAction","target":{"@type":"EntryPoint","urlTemplate":"https:\/\/sknhp.ujk.edu.pl\/?s={search_term_string}"},"query-input":{"@type":"PropertyValueSpecification","valueRequired":true,"valueName":"search_term_string"}}],"inLanguage":"pl-PL"}]}},"_links":{"self":[{"href":"https:\/\/sknhp.ujk.edu.pl\/index.php?rest_route=\/wp\/v2\/pages\/153","targetHints":{"allow":["GET"]}}],"collection":[{"href":"https:\/\/sknhp.ujk.edu.pl\/index.php?rest_route=\/wp\/v2\/pages"}],"about":[{"href":"https:\/\/sknhp.ujk.edu.pl\/index.php?rest_route=\/wp\/v2\/types\/page"}],"author":[{"embeddable":true,"href":"https:\/\/sknhp.ujk.edu.pl\/index.php?rest_route=\/wp\/v2\/users\/1"}],"replies":[{"embeddable":true,"href":"https:\/\/sknhp.ujk.edu.pl\/index.php?rest_route=%2Fwp%2Fv2%2Fcomments&post=153"}],"version-history":[{"count":1,"href":"https:\/\/sknhp.ujk.edu.pl\/index.php?rest_route=\/wp\/v2\/pages\/153\/revisions"}],"predecessor-version":[{"id":154,"href":"https:\/\/sknhp.ujk.edu.pl\/index.php?rest_route=\/wp\/v2\/pages\/153\/revisions\/154"}],"wp:attachment":[{"href":"https:\/\/sknhp.ujk.edu.pl\/index.php?rest_route=%2Fwp%2Fv2%2Fmedia&parent=153"}],"curies":[{"name":"wp","href":"https:\/\/api.w.org\/{rel}","templated":true}]}}