{"id":79,"date":"2014-05-01T18:54:35","date_gmt":"2014-05-01T16:54:35","guid":{"rendered":"https:\/\/sknhp.ujk.edu.pl\/?page_id=79"},"modified":"2015-03-14T15:22:24","modified_gmt":"2015-03-14T14:22:24","slug":"o-nas-2","status":"publish","type":"page","link":"https:\/\/sknhp.ujk.edu.pl\/?page_id=79","title":{"rendered":"Zarz\u0105d"},"content":{"rendered":"<p style=\"text-align: left;\"><strong>Studenckie Ko\u0142o Naukowe Homo Politicus zgodnie ze statutem mie\u015bci si\u0119 w Instytucie Nauk Politycznych Wydzia\u0142u Zarz\u0105dzania i Administracji Uniwersytetu Jana Kochanowskiego w Kielcach przy ulicy \u015awi\u0119tokrzyskiej 21B w sali numer 7. Opiekunami Ko\u0142a s\u0105, niezmiennie od jego powstania, prof. dr hab. Kazimierz Kik oraz dr Agnieszka Zaremba.<\/strong><\/p>\n<p style=\"text-align: center;\"><strong>W sk\u0142ad czteroosobowego Zarz\u0105du wchodz\u0105:<\/strong><br \/>\n<strong> 1. Jakub Maj &#8211; Przewodnicz\u0105cy \u00a0<a href=\"https:\/\/sknhp.ujk.edu.pl\/wp-content\/uploads\/2014\/05\/kuba.jpg\"><img loading=\"lazy\" decoding=\"async\" class=\"aligncenter size-full wp-image-601\" src=\"https:\/\/sknhp.ujk.edu.pl\/wp-content\/uploads\/2014\/05\/kuba.jpg\" alt=\"kuba\" width=\"160\" height=\"160\" srcset=\"https:\/\/sknhp.ujk.edu.pl\/wp-content\/uploads\/2014\/05\/kuba.jpg 160w, https:\/\/sknhp.ujk.edu.pl\/wp-content\/uploads\/2014\/05\/kuba-150x150.jpg 150w\" sizes=\"auto, (max-width: 160px) 100vw, 160px\" \/><\/a><\/strong><br \/>\n<strong> 2. Rados\u0142aw Glejzer &#8211; Zast\u0119pca przewodnicz\u0105cego<\/strong><\/p>\n<p style=\"text-align: center;\"><a href=\"https:\/\/sknhp.ujk.edu.pl\/wp-content\/uploads\/2014\/05\/radek.jpeg\"><img loading=\"lazy\" decoding=\"async\" class=\"aligncenter  wp-image-602\" src=\"https:\/\/sknhp.ujk.edu.pl\/wp-content\/uploads\/2014\/05\/radek.jpeg\" alt=\"radek\" width=\"157\" height=\"149\" \/><\/a><br \/>\n<strong> 3. Kinga Horna &#8211; Sekretarz<\/strong><\/p>\n<p style=\"text-align: center;\"><a href=\"https:\/\/sknhp.ujk.edu.pl\/wp-content\/uploads\/2014\/05\/11046671_895839067139730_8616390138159166031_n.jpg\"><img loading=\"lazy\" decoding=\"async\" class=\"aligncenter size-full wp-image-603\" src=\"https:\/\/sknhp.ujk.edu.pl\/wp-content\/uploads\/2014\/05\/11046671_895839067139730_8616390138159166031_n.jpg\" alt=\"11046671_895839067139730_8616390138159166031_n\" width=\"160\" height=\"160\" srcset=\"https:\/\/sknhp.ujk.edu.pl\/wp-content\/uploads\/2014\/05\/11046671_895839067139730_8616390138159166031_n.jpg 160w, https:\/\/sknhp.ujk.edu.pl\/wp-content\/uploads\/2014\/05\/11046671_895839067139730_8616390138159166031_n-150x150.jpg 150w\" sizes=\"auto, (max-width: 160px) 100vw, 160px\" \/><\/a><br \/>\n<strong> 4. Daria Golmento\u00a0&#8211; Skarbnik<\/strong><\/p>\n<p style=\"text-align: center;\"><a href=\"https:\/\/sknhp.ujk.edu.pl\/wp-content\/uploads\/2014\/05\/daria.jpg\"><img loading=\"lazy\" decoding=\"async\" class=\"aligncenter size-full wp-image-604\" src=\"https:\/\/sknhp.ujk.edu.pl\/wp-content\/uploads\/2014\/05\/daria.jpg\" alt=\"daria\" width=\"160\" height=\"160\" srcset=\"https:\/\/sknhp.ujk.edu.pl\/wp-content\/uploads\/2014\/05\/daria.jpg 160w, https:\/\/sknhp.ujk.edu.pl\/wp-content\/uploads\/2014\/05\/daria-150x150.jpg 150w\" sizes=\"auto, (max-width: 160px) 100vw, 160px\" \/><\/a><\/p>\n<p style=\"text-align: center;\"><strong>Ko\u0142o organizuje cykliczn\u0105 imprez\u0119 &#8211; Europiknik, warsztaty, debaty, konferencje oraz ch\u0119tnie bierze udzia\u0142 w przedsi\u0119wzi\u0119ciach na zaproszenie innych podmiot\u00f3w.\u00a0<\/strong><\/p>\n<p style=\"text-align: center;\"><strong>Kontakt:<br \/>\nSKN Homo Politicus<br \/>\nul. \u015awi\u0119tokrzyska 21B\/7<br \/>\n25\u2013406 Kielce<br \/>\n+48 (41) 349-65-43 +48 (41) 349-65-45<br \/>\n<\/strong><\/p>\n<p style=\"text-align: center;\"><strong>Jakub Maj &#8211; 539 397\u00a0091, <\/strong><\/p>\n<p style=\"text-align: center;\"><strong>\u00a0<\/strong><strong>Rados\u0142aw Glejzer &#8211; 794 973 654 \u00a0<\/strong><\/p>\n<p style=\"text-align: center;\"><strong>e-mail: sknhp@ujk.edu.pl<\/strong><\/p>\n","protected":false},"excerpt":{"rendered":"<p>Studenckie Ko\u0142o Naukowe Homo Politicus zgodnie ze statutem mie\u015bci si\u0119 w Instytucie Nauk Politycznych Wydzia\u0142u Zarz\u0105dzania i Administracji Uniwersytetu Jana Kochanowskiego w Kielcach przy ulicy \u015awi\u0119tokrzyskiej 21B w sali numer 7. Opiekunami Ko\u0142a s\u0105, niezmiennie od jego powstania, prof. dr hab. Kazimierz Kik oraz dr Agnieszka Zaremba. W sk\u0142ad czteroosobowego Zarz\u0105du wchodz\u0105: 1. Jakub Maj [&hellip;]<\/p>\n","protected":false},"author":1,"featured_media":0,"parent":0,"menu_order":0,"comment_status":"open","ping_status":"open","template":"","meta":{"footnotes":""},"class_list":["post-79","page","type-page","status-publish","hentry"],"yoast_head":"<!-- This site is optimized with the Yoast SEO plugin v24.0 - https:\/\/yoast.com\/wordpress\/plugins\/seo\/ -->\n<title>Zarz\u0105d - SKN &quot;Homo Politicus&quot; UJK Kielce<\/title>\n<meta name=\"robots\" content=\"index, follow, max-snippet:-1, max-image-preview:large, max-video-preview:-1\" \/>\n<link rel=\"canonical\" href=\"https:\/\/sknhp.ujk.edu.pl\/?page_id=79\" \/>\n<meta property=\"og:locale\" content=\"pl_PL\" \/>\n<meta property=\"og:type\" content=\"article\" \/>\n<meta property=\"og:title\" content=\"Zarz\u0105d - SKN &quot;Homo Politicus&quot; UJK Kielce\" \/>\n<meta property=\"og:description\" content=\"Studenckie Ko\u0142o Naukowe Homo Politicus zgodnie ze statutem mie\u015bci si\u0119 w Instytucie Nauk Politycznych Wydzia\u0142u Zarz\u0105dzania i Administracji Uniwersytetu Jana Kochanowskiego w Kielcach przy ulicy \u015awi\u0119tokrzyskiej 21B w sali numer 7. Opiekunami Ko\u0142a s\u0105, niezmiennie od jego powstania, prof. dr hab. Kazimierz Kik oraz dr Agnieszka Zaremba. W sk\u0142ad czteroosobowego Zarz\u0105du wchodz\u0105: 1. Jakub Maj [&hellip;]\" \/>\n<meta property=\"og:url\" content=\"https:\/\/sknhp.ujk.edu.pl\/?page_id=79\" \/>\n<meta property=\"og:site_name\" content=\"SKN &quot;Homo Politicus&quot; UJK Kielce\" \/>\n<meta property=\"article:publisher\" content=\"http:\/\/facebook.com\/sknhp\" \/>\n<meta property=\"article:modified_time\" content=\"2015-03-14T14:22:24+00:00\" \/>\n<meta property=\"og:image\" content=\"https:\/\/sknhp.ujk.edu.pl\/wp-content\/uploads\/2014\/05\/kuba.jpg\" \/>\n\t<meta property=\"og:image:width\" content=\"160\" \/>\n\t<meta property=\"og:image:height\" content=\"160\" \/>\n\t<meta property=\"og:image:type\" content=\"image\/jpeg\" \/>\n<meta name=\"twitter:card\" content=\"summary_large_image\" \/>\n<meta name=\"twitter:site\" content=\"@sknhp\" \/>\n<meta name=\"twitter:label1\" content=\"Szacowany czas czytania\" \/>\n\t<meta name=\"twitter:data1\" content=\"1 minuta\" \/>\n<script type=\"application\/ld+json\" class=\"yoast-schema-graph\">{\"@context\":\"https:\/\/schema.org\",\"@graph\":[{\"@type\":\"WebPage\",\"@id\":\"https:\/\/sknhp.ujk.edu.pl\/?page_id=79\",\"url\":\"https:\/\/sknhp.ujk.edu.pl\/?page_id=79\",\"name\":\"Zarz\u0105d - SKN &quot;Homo Politicus&quot; UJK Kielce\",\"isPartOf\":{\"@id\":\"https:\/\/sknhp.ujk.edu.pl\/#website\"},\"primaryImageOfPage\":{\"@id\":\"https:\/\/sknhp.ujk.edu.pl\/?page_id=79#primaryimage\"},\"image\":{\"@id\":\"https:\/\/sknhp.ujk.edu.pl\/?page_id=79#primaryimage\"},\"thumbnailUrl\":\"https:\/\/sknhp.ujk.edu.pl\/wp-content\/uploads\/2014\/05\/kuba.jpg\",\"datePublished\":\"2014-05-01T16:54:35+00:00\",\"dateModified\":\"2015-03-14T14:22:24+00:00\",\"breadcrumb\":{\"@id\":\"https:\/\/sknhp.ujk.edu.pl\/?page_id=79#breadcrumb\"},\"inLanguage\":\"pl-PL\",\"potentialAction\":[{\"@type\":\"ReadAction\",\"target\":[\"https:\/\/sknhp.ujk.edu.pl\/?page_id=79\"]}]},{\"@type\":\"ImageObject\",\"inLanguage\":\"pl-PL\",\"@id\":\"https:\/\/sknhp.ujk.edu.pl\/?page_id=79#primaryimage\",\"url\":\"https:\/\/sknhp.ujk.edu.pl\/wp-content\/uploads\/2014\/05\/kuba.jpg\",\"contentUrl\":\"https:\/\/sknhp.ujk.edu.pl\/wp-content\/uploads\/2014\/05\/kuba.jpg\",\"width\":160,\"height\":160},{\"@type\":\"BreadcrumbList\",\"@id\":\"https:\/\/sknhp.ujk.edu.pl\/?page_id=79#breadcrumb\",\"itemListElement\":[{\"@type\":\"ListItem\",\"position\":1,\"name\":\"Home\",\"item\":\"https:\/\/sknhp.ujk.edu.pl\/\"},{\"@type\":\"ListItem\",\"position\":2,\"name\":\"Zarz\u0105d\"}]},{\"@type\":\"WebSite\",\"@id\":\"https:\/\/sknhp.ujk.edu.pl\/#website\",\"url\":\"https:\/\/sknhp.ujk.edu.pl\/\",\"name\":\"SKN &quot;Homo Politicus&quot; UJK Kielce\",\"description\":\"Strona oficjalna. Studenckie Ko\u0142o Naukowe &quot;Homo Politicus&quot;. Uniwersytet Jana Kochanowskiego w Kielcach. Instytut Nauk Politycznych. Wydzia\u0142 Zarz\u0105dzania i Administracji.\",\"potentialAction\":[{\"@type\":\"SearchAction\",\"target\":{\"@type\":\"EntryPoint\",\"urlTemplate\":\"https:\/\/sknhp.ujk.edu.pl\/?s={search_term_string}\"},\"query-input\":{\"@type\":\"PropertyValueSpecification\",\"valueRequired\":true,\"valueName\":\"search_term_string\"}}],\"inLanguage\":\"pl-PL\"}]}<\/script>\n<!-- \/ Yoast SEO plugin. -->","yoast_head_json":{"title":"Zarz\u0105d - SKN &quot;Homo Politicus&quot; UJK Kielce","robots":{"index":"index","follow":"follow","max-snippet":"max-snippet:-1","max-image-preview":"max-image-preview:large","max-video-preview":"max-video-preview:-1"},"canonical":"https:\/\/sknhp.ujk.edu.pl\/?page_id=79","og_locale":"pl_PL","og_type":"article","og_title":"Zarz\u0105d - SKN &quot;Homo Politicus&quot; UJK Kielce","og_description":"Studenckie Ko\u0142o Naukowe Homo Politicus zgodnie ze statutem mie\u015bci si\u0119 w Instytucie Nauk Politycznych Wydzia\u0142u Zarz\u0105dzania i Administracji Uniwersytetu Jana Kochanowskiego w Kielcach przy ulicy \u015awi\u0119tokrzyskiej 21B w sali numer 7. Opiekunami Ko\u0142a s\u0105, niezmiennie od jego powstania, prof. dr hab. Kazimierz Kik oraz dr Agnieszka Zaremba. W sk\u0142ad czteroosobowego Zarz\u0105du wchodz\u0105: 1. Jakub Maj [&hellip;]","og_url":"https:\/\/sknhp.ujk.edu.pl\/?page_id=79","og_site_name":"SKN &quot;Homo Politicus&quot; UJK Kielce","article_publisher":"http:\/\/facebook.com\/sknhp","article_modified_time":"2015-03-14T14:22:24+00:00","og_image":[{"width":160,"height":160,"url":"https:\/\/sknhp.ujk.edu.pl\/wp-content\/uploads\/2014\/05\/kuba.jpg","type":"image\/jpeg"}],"twitter_card":"summary_large_image","twitter_site":"@sknhp","twitter_misc":{"Szacowany czas czytania":"1 minuta"},"schema":{"@context":"https:\/\/schema.org","@graph":[{"@type":"WebPage","@id":"https:\/\/sknhp.ujk.edu.pl\/?page_id=79","url":"https:\/\/sknhp.ujk.edu.pl\/?page_id=79","name":"Zarz\u0105d - SKN &quot;Homo Politicus&quot; UJK Kielce","isPartOf":{"@id":"https:\/\/sknhp.ujk.edu.pl\/#website"},"primaryImageOfPage":{"@id":"https:\/\/sknhp.ujk.edu.pl\/?page_id=79#primaryimage"},"image":{"@id":"https:\/\/sknhp.ujk.edu.pl\/?page_id=79#primaryimage"},"thumbnailUrl":"https:\/\/sknhp.ujk.edu.pl\/wp-content\/uploads\/2014\/05\/kuba.jpg","datePublished":"2014-05-01T16:54:35+00:00","dateModified":"2015-03-14T14:22:24+00:00","breadcrumb":{"@id":"https:\/\/sknhp.ujk.edu.pl\/?page_id=79#breadcrumb"},"inLanguage":"pl-PL","potentialAction":[{"@type":"ReadAction","target":["https:\/\/sknhp.ujk.edu.pl\/?page_id=79"]}]},{"@type":"ImageObject","inLanguage":"pl-PL","@id":"https:\/\/sknhp.ujk.edu.pl\/?page_id=79#primaryimage","url":"https:\/\/sknhp.ujk.edu.pl\/wp-content\/uploads\/2014\/05\/kuba.jpg","contentUrl":"https:\/\/sknhp.ujk.edu.pl\/wp-content\/uploads\/2014\/05\/kuba.jpg","width":160,"height":160},{"@type":"BreadcrumbList","@id":"https:\/\/sknhp.ujk.edu.pl\/?page_id=79#breadcrumb","itemListElement":[{"@type":"ListItem","position":1,"name":"Home","item":"https:\/\/sknhp.ujk.edu.pl\/"},{"@type":"ListItem","position":2,"name":"Zarz\u0105d"}]},{"@type":"WebSite","@id":"https:\/\/sknhp.ujk.edu.pl\/#website","url":"https:\/\/sknhp.ujk.edu.pl\/","name":"SKN &quot;Homo Politicus&quot; UJK Kielce","description":"Strona oficjalna. Studenckie Ko\u0142o Naukowe &quot;Homo Politicus&quot;. Uniwersytet Jana Kochanowskiego w Kielcach. Instytut Nauk Politycznych. Wydzia\u0142 Zarz\u0105dzania i Administracji.","potentialAction":[{"@type":"SearchAction","target":{"@type":"EntryPoint","urlTemplate":"https:\/\/sknhp.ujk.edu.pl\/?s={search_term_string}"},"query-input":{"@type":"PropertyValueSpecification","valueRequired":true,"valueName":"search_term_string"}}],"inLanguage":"pl-PL"}]}},"_links":{"self":[{"href":"https:\/\/sknhp.ujk.edu.pl\/index.php?rest_route=\/wp\/v2\/pages\/79","targetHints":{"allow":["GET"]}}],"collection":[{"href":"https:\/\/sknhp.ujk.edu.pl\/index.php?rest_route=\/wp\/v2\/pages"}],"about":[{"href":"https:\/\/sknhp.ujk.edu.pl\/index.php?rest_route=\/wp\/v2\/types\/page"}],"author":[{"embeddable":true,"href":"https:\/\/sknhp.ujk.edu.pl\/index.php?rest_route=\/wp\/v2\/users\/1"}],"replies":[{"embeddable":true,"href":"https:\/\/sknhp.ujk.edu.pl\/index.php?rest_route=%2Fwp%2Fv2%2Fcomments&post=79"}],"version-history":[{"count":6,"href":"https:\/\/sknhp.ujk.edu.pl\/index.php?rest_route=\/wp\/v2\/pages\/79\/revisions"}],"predecessor-version":[{"id":605,"href":"https:\/\/sknhp.ujk.edu.pl\/index.php?rest_route=\/wp\/v2\/pages\/79\/revisions\/605"}],"wp:attachment":[{"href":"https:\/\/sknhp.ujk.edu.pl\/index.php?rest_route=%2Fwp%2Fv2%2Fmedia&parent=79"}],"curies":[{"name":"wp","href":"https:\/\/api.w.org\/{rel}","templated":true}]}}